 x(n) = 2*n**2 - 29*n + 10. Let z be x(14). Let a(d) = -2*d - 4. Determine a(z).
4
Let b(w) = -5*w**2 - 2*w - 6. Let m(s) = 11*s**2 + 3*s + 13. Let g(o) = -13*b(o) - 6*m(o). Give g(8).
0
Suppose l - 4*l = 3*z - 18, 2*l - 10 = -z. Let j be z/8 - (-132)/(-16). Let m = 9 + j. Let k(u) = 5*u**3 + 2*u - 1. Determine k(m).
6
Let u(x) = 52 + x - 52. Give u(5).
5
Let s be (0/(-1) + -3)/(-1). Let r(j) be the first derivative of -1 - 3*j**2 - s*j**2 + 5*j**2 - 7*j. Calculate r(-5).
3
Let n(h) be the second derivative of -h**5/20 + h**3/3 + h**2 - 3*h. Suppose x + b + 5 = 4*b, 3*b = 4*x + 11. Let z be x/6 + (-15)/9. Give n(z).
6
Let b = -1 + -2. Let h(q) = -2*q**3 - q**2 + 3*q - 1. Let c(l) = l**3 + 2*l**2 - 2*l. Let j(y) = b*c(y) - 2*h(y). Give j(3).
-7
Suppose -5*p = 2*j + 39, 5*j - 23*p + 28*p = -60. Let d(i) = -i**2 - 6*i + 4. Let c(u) = 2*u**2 + 12*u - 8. Let a(r) = 6*c(r) + 11*d(r). Calculate a(j).
3
Let t(w) be the third derivative of -w**5/60 - 5*w**4/24 - 7*w**3/6 - w**2. Let g be -2 - (-34 - (-1 + 2)). Let j be (-53)/11 - 6/g. Determine t(j).
-7
Let r(s) = -3*s**2 - 11*s - 6. Let z(u) = u**2 + u + 1. Let a(p) = -r(p) - 4*z(p). Calculate a(6).
8
Let f(l) be the first derivative of -l**4/4 + l**3 + 3*l**2/2 + 2*l - 3. Suppose 3*z - 28 = -4*z. Give f(z).
-2
Let t(d) be the first derivative of 3*d**4/4 + d**2/2 - d + 1. Give t(1).
3
Let v(q) = 6*q - 3. Suppose -2*d = -0*d - 4. Give v(d).
9
Let n(t) = t**3 - 7*t**2 - 10*t + 12. Let z = -10 + 18. Let v be n(z). Let r(f) = -f**3 - 5*f**2 - 4*f - 4. What is r(v)?
-4
Let b(r) = 11*r**3 + 2*r**2 - 1. Let n(p) = 2*p**3 - p**2 - p + 1. Let u(v) = -b(v) - 2*n(v). What is u(1)?
-14
Let f(k) = -4*k + 3. Let m be 11 - (1 + 8/4). Suppose 4*b = m + 4. Calculate f(b).
-9
Suppose 23*m = 17*m - 42. Let l(i) = i**3 + 7*i**2 + 2*i + 10. Calculate l(m).
-4
Let w(f) = f**3 + 4*f**2 + 5*f + 2. Let i be (-5)/(-25) + 38/10. Suppose 5*o + 15 = i*r, -2*o = -r + 8 - 2. Calculate w(o).
-4
Suppose -4*b = -3*b - 1. Let p be (4 - 6) + (-7)/(-1). Let i(t) = b - 2 + p - t. Calculate i(4).
0
Let k(q) = 4 + 2*q + 5*q - 5*q - q**2 + 3*q. What is k(6)?
-2
Suppose 2*l - 5*p + 29 = 0, -4*p + 15 = 5*l + p. Let f be (-3)/(-2)*l/3. Let r(d) be the first derivative of -3*d**4/2 + 2*d**3/3 - d - 1. Determine r(f).
7
Suppose 5 = 2*k - 13. Suppose 11 = 5*l - c, k + 9 = 2*l + 3*c. Let g(d) = d**3 - 3*d**2 - 4*d + 2. Calculate g(l).
-10
Let y be 1/4 + (-4)/16. Suppose -3*f + r + 4 = -3*r, -2*f = 4*r + 4. Let l(i) = 7 - 2 - i**2 + f*i - i. Calculate l(y).
5
Let q(h) = -2*h**3 - 12*h**2 - 5*h + 2. Let c(d) = -d**3 - 6*d**2 - 2*d + 1. Let u(s) = -5*c(s) + 3*q(s). Let w be (-4)/(1 - -1) + -3. Give u(w).
1
Let j(i) = -i**3 - 3*i**2 + 3*i - 2. Let k = 165 + -170. What is j(k)?
33
Let l(z) be the third derivative of z**6/144 + z**4/4 + 6*z**2. Let t(a) be the second derivative of l(a). Determine t(2).
10
Let w(s) = -s + 10 - 20 + 2 + 7. What is w(-3)?
2
Let y(u) = u**2 + 5*u + 2. Suppose -5 + 30 = 5*l. Suppose 4*d = 2*v - 15 - 11, -4*d + l*v = 35. Determine y(d).
2
Let a be 2/2*-1 - -1. Suppose -4*t + 3*g - 23 = 0, 20 = -3*t + 5*g - a*g. Let k(f) = -f**2 - 6*f - 4. What is k(t)?
1
Let t(a) be the first derivative of -a**2/2 + 2*a - 1. Suppose -4*o + 8 = -2*o, 3*q + 20 = 2*o. Let r be (q/5)/(2/(-10)). Calculate t(r).
-2
Let d(z) be the second derivative of z**4/12 + z**3/6 - 5*z**2 + 17*z. Suppose w = -2*w. What is d(w)?
-10
Let m be ((-2)/(-6))/(1/(-3)). Let t(c) = 1. Let y(l) = 7*l**3 + 5*l**2 - 2*l - 4 - 5*l**2 - 2*l**3. Let w(i) = -3*t(i) - y(i). Determine w(m).
4
Let q(i) = -3*i**2 + 6*i - 11. Let l(n) = -5*n**2 + 12*n - 21. Let a(m) = -4*l(m) + 7*q(m). Give a(-7).
0
Let d(j) = -3*j - 9. Let q be d(-8). Suppose f + 3*f = 2*v + 42, v = -4*f + 9. Let x = v + q. Let g(y) = y**3 - 3*y**2 - 6*y + 5. Calculate g(x).
-3
Let j(o) = 8*o. Let l(r) = -r. Let i(m) = -j(m) - 6*l(m). Give i(-1).
2
Suppose 0 = -3*g + 12. Let s(a) = -a**2 + 3*a. Give s(g).
-4
Let u(h) = h**3 - 2*h**2 + 3*h - 2. Suppose 31 + 13 = 2*f. Let r be 4/22 + 40/f. Determine u(r).
4
Let m(q) = -4*q + 1. Let g(y) = -6*y + 2. Let k be g(-7). Let n be (-1)/(-3) + k/12. Let i be (n/(-6))/((-4)/6). Give m(i).
-3
Let g be (-1 + 25/(-10))*-2. Let p(y) = y**2 - 6*y + 5. Determine p(g).
12
Let b(n) = -2*n + 4. Suppose 2*j + 1 = -5. Let h(o) = 5*o - 11. Let g(i) = j*h(i) - 8*b(i). Determine g(2).
3
Let l(m) = 6 - 3*m + 5*m**2 - m**3 + 0*m**3 - 2*m. Suppose 2*v = j + 5, -5*v + v - 2*j + 14 = 0. Suppose -v = 2*o - 11. What is l(o)?
2
Let s(f) be the second derivative of -f**4/12 + 4*f**3/3 - 9*f**2/2 - 31*f. Determine s(6).
3
Let f = 18 + -18. Suppose f = -s + 3 + 1. Let t(q) = -q**2 + 4*q + 1. Determine t(s).
1
Let q(s) = -2*s**2 + 7*s - 4. Suppose 4*a = a - 3*y + 105, 4*y - 44 = -a. Suppose 2*p + 4 = -2*p + 5*v, 0 = -5*p - 3*v + a. What is q(p)?
-8
Let t(i) = -5*i**2 - 16*i - 11. Let o(p) = p**2 + 4*p + 3. Let x(g) = 9*o(g) + 2*t(g). Determine x(6).
-7
Let l(o) = 8 - 10 - 3*o - 6*o**2 + 4 + o**3 + 4. What is l(6)?
-12
Let q(i) = -14*i**3 + 2*i**2 - 1. Let b(v) = -v**2 + v + 5. Let s be b(-2). Calculate q(s).
15
Let a(b) = -3*b**2 + 4*b - 4. Let d(k) = k + k**2 - k + k. Let h(f) = a(f) + 2*d(f). Let y(o) = 4*o**2 + 1. Let m be y(1). What is h(m)?
1
Let u(q) = q**2 - q - 3. Let y = 21 + -13. Let t = y - 5. What is u(t)?
3
Let o be -8*(9/(-4))/3. Let x(m) = 6*m - m**2 + 8*m - 6*m. Calculate x(o).
12
Let v be (4/(-2))/(2/3). Let b(w) = 0*w + 4 - 5*w + 2*w + 4*w. What is b(v)?
1
Let m(j) be the first derivative of 6*j - 5 + 1/2*j**2. Determine m(-5).
1
Let x(f) be the first derivative of f**3/3 + f**2 - 3. Let d(t) = 4*t**3 + 2*t**2 + t. Let p be d(-1). Calculate x(p).
3
Let y be 3/(6 + 3)*-15. Let h be ((y - -3) + 1)*-1. Let t(b) = -5*b - 3. Let f(z) = -19*z - 13. Let o(m) = 2*f(m) - 9*t(m). Determine o(h).
8
Let x(t) be the second derivative of -1/720*t**6 - 1/4*t**4 - 1/20*t**5 - 3*t + 0*t**3 + 0 + 0*t**2. Let h(k) be the third derivative of x(k). Calculate h(-6).
0
Let p = 1 - -1. Let z be -1 + -3*2/p. Let d(y) = 3 + 62*y + y**3 - 2*y**3 - 3*y**2 - 58*y. Calculate d(z).
3
Let x(a) = a**3 + a**2 + a + 2. Let d = -3 - -5. Let b be 0*(d - 1)/1. Calculate x(b).
2
Let m(d) = 5*d + 2. Let b be m(-4). Let z be b/(-63) + (-4)/14. Let a(r) be the third derivative of -r**6/120 - r**5/60 + r**4/24 + r**3/6 + r**2. Give a(z).
1
Let m(j) be the third derivative of j**5/60 - 11*j**4/24 - j**3/6 + 2*j**2 + 6. Give m(7).
-29
Suppose 2*y - 12 = -0*y. Suppose -4*h + 2*c - 3 = 3*c, -h + 5*c - y = 0. Let q(a) = 1. Let r(f) = 6*f + 4. Let v(l) = 4*q(l) - r(l). Determine v(h).
6
Let t(s) = -3*s**3 - 1. Let n(y) = -y**2 - 2*y + 1. Let d be n(-2). Let q = d - 2. Calculate t(q).
2
Let x(u) = -15*u + 1. Let n(r) = -8*r. Let f(h) = -5*n(h) + 3*x(h). Let v(k) = -11*k + 6. Let c(a) = 13*f(a) - 6*v(a). Give c(-2).
1
Let a(i) = -i**3 - 23 + 4*i - 6*i**2 + 0*i - 3*i + 18. Give a(-6).
-11
Let b be (-2)/(28/12 + -3). Let p(d) = -d + 5. Let i be p(b). Let o(t) = -2*t**2 + 3*t - 3. Calculate o(i).
-5
Let u(h) be the first derivative of -h**2 - 16*h + 9. Determine u(-7).
-2
Suppose 0 = 4*j, 2*j - 3 = v + 2*v. Let d(w) = 3*w. Let m(p) be the second derivative of -p**3/6 + p**2/2 - 4*p. Let n(r) = -d(r) - m(r). Calculate n(v).
1
Suppose 2*g - 2*k + 10 = -2, 0 = 3*g + 4*k - 10. Let n(w) = 2*w**3 + w**2 - 2*w. Determine n(g).
-8
Let r(d) = 0*d + 6*d**2 - 2*d - 12*d**2 - 1 + 0*d. What is r(-1)?
-5
Let u(c) be the third derivative of -c**4/24 + 9*c**2. Determine u(-10).
10
Let c(k) be the second derivative of -k**3/6 + 2*k**2 - 2*k. What is c(-5)?
9
Suppose -s = -5*b - 6*s - 10, 10 = -2*b - 4*s. Let h(z) be the first derivative of -4*z**3/3 - z**2/2 + 2. What is h(b)?
-5
Let f(o) = -3*o - 6. Let l(n) = -n. Let g(z) = 2*z + 11. Let j(c) = -g(c) + 5*l(c). Let p(q) = 9*f(q) - 4*j(q). What is p(6)?
-4
Let s be (-3 - -4)/(2/12). Let g(y) = y - 10. Let l be g(s). Let f(t) = 7*t + 1 - t**3 + 0*t - 3*t**2 - 3*t. Give f(l).
1
Suppose -5*m + 5 + 5 = 0. Let k(u) = -m*u**2 + 10 - 10. Suppose 3*t + 4 = -2*i, 0*i - 2*i - t = 0. What is k(i)?
-2
Suppose 0 = t + 2*w - 11, -5*t - 3 = -4*w - 2. Let v = -2 - t. Let m(f) = f**3 + 4*f**2 - 3*f + 4. Calculate m(v).
-6
Let c(j) be the first derivative of -2*j**3 + 4. Give c(1).
-6
Let t(y) = 5*y - 2. Let q(i) =